15. Let y = 0 - v. What are the prime factors of y?
2
Let o be (-3 - (-3 - -2)) + 6. Let a(f) = 7*f - 5. List the prime factors of a(o).
23
Suppose -4*v - 4*d + 436 = 0, -6*d + 7*d = 5*v - 545. What are the prime factors of v?
109
Let t(k) = k**3 + 11*k**2 - 8. List the prime factors of t(-5).
2, 71
Let a(f) = f**3 + 12*f**2 + 5*f - 11. List the prime factors of a(-11).
5, 11
Let d(u) = -u**2 + u. Let f be d(1). List the prime factors of 84/4 + f + -2.
19
Let p(s) = s**3 + 15*s**2 - 18*s - 17. Let b be p(-16). Let w = b - -28. What are the prime factors of w?
43
Let s = 26 - 12. Let d = 24 - s. List the prime factors of d.
2, 5
Let n = -7 - -4. Let q be (1 - 0) + (1 - n). Suppose -12 = -q*v + 33. What are the prime factors of v?
3
Let o = 44 + -39. What are the prime factors of o?
5
Let i(b) = -b**3 - 3*b**2 + 2*b - 4. Let l be i(-4). Suppose l*h - 3*h = 0. Suppose h*c - 60 = -5*c. What are the prime factors of c?
2, 3
Let a = 36 - 13. List the prime factors of a.
23
Suppose -3*b + 120 = 5*o - 0*b, -5*o + 80 = -5*b. What are the prime factors of o?
3, 7
Suppose 13*z - 446 = 4026. List the prime factors of z.
2, 43
Suppose 4*i - 12 = n - 3, 0 = -n - 5. What are the prime factors of i/(-2) - 20/(-8)?
2
Let z(v) = -v**3 + 15*v**2 - 5*v + 17. List the prime factors of z(6).
311
List the prime factors of 1/((-1)/(-59 + 2)).
3, 19
Let m(h) = -3*h**3 + h**2 - h + 3. What are the prime factors of m(-2)?
3, 11
Let j be (2 - -4)/(-3) - -7. Suppose 0 = 3*n - 15, 4*n = -j*s - 0*n + 100. List the prime factors of s.
2
Let d be (-12)/4*(-4)/6. Let z = 7 + d. Let n = z + -3. What are the prime factors of n?
2, 3
Let z(a) = -a**3 - 11*a**2 - 11*a - 5. List the prime factors of z(-10).
5
Suppose 6*b - 257 = 193. What are the prime factors of b?
3, 5
Suppose 4*m - 46 = 5*w, 5*w - 2*m + m + 49 = 0. Let x = 4 - w. Suppose g = -a - 3*g - 7, a - x = 3*g. List the prime factors of a.
5
What are the prime factors of (121 - -3) + 3 + -5?
2, 61
Let n = -3 + 3. Let w be (-162)/(-6) - (n + 1). Suppose 2*o = -k + w, -15 - 31 = -3*o + 2*k. What are the prime factors of o?
2, 7
Suppose 8*f = 7 + 265. List the prime factors of f.
2, 17
Let t = -140 - -282. List the prime factors of t.
2, 71
Suppose -11*k + 12*k - 15 = 0. List the prime factors of k.
3, 5
Suppose 2*j + 3 = z, -3*j - 6 = z - 3*z. Suppose n = -3*v - 4*n + 177, -3*v = -2*n - 198. Suppose -z*y - y = -v. What are the prime factors of y?
2
What are the prime factors of 1/2*52*2?
2, 13
Let q = -10 + 21. Suppose 2 - q = -g. List the prime factors of g.
3
Let z(y) = -3*y**3 - 11*y**2 + 10*y + 8. What are the prime factors of z(-6)?
2, 5
Let w(o) = -o + 5. Let r be w(5). Suppose 3*q = 5*z, 2*q + 5*z + r*z - 25 = 0. Let l = q - -1. List the prime factors of l.
2, 3
Let o(k) = 4*k**2 + k - k**3 - 3*k**2 - 4*k**3 + 0*k + 2. Let u(p) = p**3 - p - 1. Let q(b) = -o(b) - 2*u(b). What are the prime factors of q(1)?
3
Let k = -284 + 533. What are the prime factors of k?
3, 83
Suppose -43 = -2*h + g, 3*h + g = -2*h + 118. Suppose -4*q = -3*a - 44, -3*a + a = 0. Let c = h - q. List the prime factors of c.
2, 3
Suppose -8 = 5*z - 6*z. Let l = -17 - -10. List the prime factors of (l - z)/((-6)/4).
2, 5
Suppose 2 = 2*v - 0, 5*v = -5*j + 85. Suppose -n - 4*z - 15 = -2*n, 4*n - 5*z = j. What are the prime factors of (n + (3 - 8))/(-2)?
3
Suppose -d = -5, -2*t = 5*d - 76 + 3. Suppose 4*r - t = 60. Let s = r + -14. What are the prime factors of s?
7
Let y = 5 - 10. Let v be (-4)/10 - 67/y. Suppose -7 - v = -4*n. What are the prime factors of n?
5
Let u = 9 - -187. List the prime factors of u.
2, 7
Suppose -2*a = 2*a - 8. Let n(m) = m - 1. Let i(l) = 11*l - 4. Let w(d) = i(d) - 6*n(d). What are the prime factors of w(a)?
2, 3
Let q = 48 + -7. List the prime factors of q.
41
Let y = 10 - 8. Let v = -7 - -11. Suppose y*q + 6 = v*q. List the prime factors of q.
3
Let z = 32 - 47. Let d = z - -30. What are the prime factors of d?
3, 5
Suppose 0*u = 5*f + u + 2, 4*f - u - 2 = 0. Suppose -5*j + 0*a = 3*a - 56, f = -3*j + 3*a + 48. List the prime factors of j.
13
Suppose 2*k + 2 = -4. Let g(w) = 6 - w - 3 + 0. List the prime factors of g(k).
2, 3
Let t = -14 + 21. List the prime factors of t.
7
Suppose -2*r - 11 + 4 = 5*d, 2 = r - 3*d. What are the prime factors of 2/r + 29 + 2?
29
Let n be (-67)/(-2) - (-2)/4. Let p = n + -20. What are the prime factors of p?
2, 7
Suppose -3 = -4*j + q - 1, 0 = -4*j - 2*q + 8. Suppose -5*b + j = -54. Let r = 15 - b. List the prime factors of r.
2
Suppose -3*t - 9 = -2*i - 35, i - 53 = -4*t. List the prime factors of t.
2, 3
Let l be (-2)/(-1*2) - -2. Suppose 12 - 3 = l*n. What are the prime factors of n?
3
Let b(t) = t**2 - 7*t - 6. Suppose f + 2*y = -8 + 20, 2*f - 3*y - 10 = 0. Let i be b(f). What are the prime factors of i*-1*1/(-1)?
2
Let u(l) be the first derivative of l**3 + l**2 - 3*l - 2. What are the prime factors of u(2)?
13
Let h(i) = 11*i - 26. List the prime factors of h(18).
2, 43
Suppose -3*u = -u + 4*j - 14, 3*u = 4*j - 9. Let f(o) = -o**3 - 3*o**2 + 2*o - 1. Let w be f(-4). Let x = w - u. What are the prime factors of x?
2, 3
What are the prime factors of (-330)/(-5)*1 + 2?
2, 17
Suppose 0 = -9*d + 561 - 147. What are the prime factors of d?
2, 23
Let q(j) = 15*j + 1. Let g be q(1). Suppose -4*u + 36 + g = 0. List the prime factors of u.
13
Suppose 10*j + 5 = 9*j. Let z(k) = k**3 + 5*k**2 + k + 7. List the prime factors of z(j).
2
Suppose 4*o = 8, -4*a - o = o - 12. Let d be a/3 - 66/18. Let v(i) = -2*i**3 - 5*i**2 - i + 3. What are the prime factors of v(d)?
3, 5
Let r = 10 - 2. Suppose r = -3*f + 2*f. Let p = f + 14. List the prime factors of p.
2, 3
Suppose 0 = 3*y + 4*b - 9, 4*b - 2 = -4*y + 10. Suppose 0 = -y*g + 146 - 29. Suppose -5*d = p - 38, -2*p - d + 1 = -g. List the prime factors of p.
2, 3
Let l be 1*(2*-1 + 2). Let a = 8 + l. What are the prime factors of a?
2
Suppose 20*h - 16*h = 308. List the prime factors of h.
7, 11
Suppose 2*z - 1 = 3. Let m be 176/6 - 12/(-18). Suppose -3*v + m = z*v. What are the prime factors of v?
2, 3
Let m = -18 + 22. What are the prime factors of m?
2
List the prime factors of (-1 - 6)*(-1512)/49.
2, 3
Let y(l) be the second derivative of l**5/20 + 7*l**4/12 + 5*l**3/6 - 2*l**2 - 3*l. List the prime factors of y(-5).
3, 7
Let g(b) = -b**2 + 1. Let w be g(-6). Let m = w - -52. Suppose -4*x + m = -7. List the prime factors of x.
2, 3
Let d(i) = 2*i - 2. Let a be 1*(-5)/(-2)*2. Let g(m) = 2*m - 2. Let p(u) = a*g(u) - 6*d(u). List the prime factors of p(-2).
2, 3
Suppose 942 + 626 = 4*m. List the prime factors of m.
2, 7
Let w(a) be the second derivative of a**4/4 + a**3/2 - a**2/2 - 4*a. List the prime factors of w(2).
17
Let q be 4/(-6) + (-11)/(-3). Suppose a = q*k + 4*a + 30, 3*k + 26 = a. Let p = 1 - k. What are the prime factors of p?
2, 5
Let o be 9/15 + (-15)/25. List the prime factors of o - 3 - (-26 + 2).
3, 7
Suppose -3*w - 3*y = -87, -2*w - 2*y = y - 61. List the prime factors of w.
2, 13
Let c(a) be the first derivative of a**4/4 - 2*a**3/3 - a**2 - 3*a - 1. Let g be c(3). Suppose 2*l - l - 6 = g. List the prime factors of l.
2, 3
Suppose -5*q + 4*u - 2*u = -31, -5*q + 22 = u. Let s = -3 + q. List the prime factors of (2/4)/(s/8).
2
Suppose 0 = -3*w - 5*q + 83, 2*w = -q - 0 + 67. Suppose 3*r - 2*s + 5*s - 42 = 0, 0 = 3*r + s - w. Let z = -1 + r. List the prime factors of z.
2, 5
Let v(r) = r + 4. Suppose 2*o = -3*o. Let z be v(o). What are the prime factors of z/(-10) - 34/(-10)?
3
Suppose 0*j - 3*j = -234. List the prime factors of j.
2, 3, 13
What are the prime factors of 15770/50 + 4/(-10)?
3, 5, 7
Let v(g) = g**3 + 10*g**2 + 6*g + 11. List the prime factors of v(-9).
2, 19
Let q(o) = 5*o - 3. Let y = -1 + 5. Suppose 6*w - 7 = y*w + b, 4*w - 2 = -2*b. What are the prime factors of q(w)?
7
Suppose -16*m + 12*m + 156 = 0. What are the prime factors of m?
3, 13
Let d = 3 - 3. Suppose 2*i + 0*i - 18 = d. What are the prime factors of i?
3
Let b(u) = -u**2 + 2*u**2 + 5 + 2*u**2 - 3*u + 0*u**2. What are the prime factors of b(3)?
23
Suppose -3*d = -5*o - 768, -3*d + 4*o + 157 = -608. List the prime factors of d.
251
Let m(u) = u + 15. Let y be m(-7). Suppose -2*f + 4*t - 4 = 0, 6*t - y = f + t. What are the prime factors of f?
2
Suppose -6*